{"id":566,"date":"2019-02-05T12:17:34","date_gmt":"2019-02-05T09:17:34","guid":{"rendered":"https:\/\/zti.com.tr\/affiliate\/?page_id=566"},"modified":"2019-02-05T12:19:48","modified_gmt":"2019-02-05T09:19:48","slug":"kurumsal-iletisim-formu","status":"publish","type":"page","link":"https:\/\/zti.com.tr\/affiliate\/kurumsal-iletisim-formu\/","title":{"rendered":"Kurumsal \u0130leti\u015fim Formu"},"content":{"rendered":"<div class=\"freebirdFormviewerViewHeaderTitleRow\">\n<h3 class=\"freebirdFormviewerViewHeaderTitle exportFormTitle freebirdCustomFont\" dir=\"auto\" role=\"heading\" aria-level=\"1\">Sizleri Arayal\u0131m<\/h3>\n<\/div>\n<p>K\u0131sa bilgilerinizi doldurun, yetkili dan\u0131\u015fanlar\u0131m\u0131z sizleri hemen aras\u0131n. Ayr\u0131cal\u0131kl\u0131 acente hizmetlerinden siz de yararlan\u0131n!<\/p>\n<div role=\"form\" class=\"wpcf7\" id=\"wpcf7-f565-o1\" lang=\"tr-TR\" dir=\"ltr\">\n<div class=\"screen-reader-response\"><\/div>\n<form action=\"\/affiliate\/wp-json\/wp\/v2\/pages\/566#wpcf7-f565-o1\" method=\"post\" class=\"wpcf7-form\" novalidate=\"novalidate\">\n<div style=\"display: none;\">\n<input type=\"hidden\" name=\"_wpcf7\" value=\"565\" \/>\n<input type=\"hidden\" name=\"_wpcf7_version\" value=\"5.1.1\" \/>\n<input type=\"hidden\" name=\"_wpcf7_locale\" value=\"tr_TR\" \/>\n<input type=\"hidden\" name=\"_wpcf7_unit_tag\" value=\"wpcf7-f565-o1\" \/>\n<input type=\"hidden\" name=\"_wpcf7_container_post\" value=\"0\" \/>\n<input type=\"hidden\" name=\"g-recaptcha-response\" value=\"\" \/>\n<\/div>\n<p><label> Ad\u0131n\u0131z (gerekli)<br \/>\n    <span class=\"wpcf7-form-control-wrap adiniz\"><input type=\"text\" name=\"adiniz\" value=\"\" size=\"40\" class=\"wpcf7-form-control wpcf7-text wpcf7-validates-as-required\" aria-required=\"true\" aria-invalid=\"false\" \/><\/span> <\/label><\/p>\n<p><label> E-posta adresiniz (gerekli)<br \/>\n    <span class=\"wpcf7-form-control-wrap eposta\"><input type=\"email\" name=\"eposta\" value=\"\" size=\"40\" class=\"wpcf7-form-control wpcf7-text wpcf7-email wpcf7-validates-as-required wpcf7-validates-as-email\" aria-required=\"true\" aria-invalid=\"false\" \/><\/span> <\/label><\/p>\n<p><label> Cep Telefonunuz<br \/>\n    <span class=\"wpcf7-form-control-wrap telefon\"><input type=\"text\" name=\"telefon\" value=\"\" size=\"40\" class=\"wpcf7-form-control wpcf7-text wpcf7-validates-as-required\" aria-required=\"true\" aria-invalid=\"false\" \/><\/span> <\/label><\/p>\n<p><label> Sizi Hangi G\u00fcn Arayal\u0131?<br \/>\n    <span class=\"wpcf7-form-control-wrap tarih\"><input type=\"date\" name=\"tarih\" value=\"\" class=\"wpcf7-form-control wpcf7-date wpcf7-validates-as-required wpcf7-validates-as-date\" aria-required=\"true\" aria-invalid=\"false\" \/><\/span><\/label><\/p>\n<p><input type=\"submit\" value=\"G\u00f6nder\" class=\"wpcf7-form-control wpcf7-submit btn btn-zti\" \/><\/p>\n<div class=\"wpcf7-response-output wpcf7-display-none\"><\/div><\/form><\/div>\n","protected":false},"excerpt":{"rendered":"<p>Sizleri Arayal\u0131m K\u0131sa bilgilerinizi doldurun, yetkili dan\u0131\u015fanlar\u0131m\u0131z sizleri hemen aras\u0131n. Ayr\u0131cal\u0131kl\u0131 acente hizmetlerinden siz de yararlan\u0131n!<\/p>\n","protected":false},"author":1,"featured_media":0,"parent":0,"menu_order":0,"comment_status":"closed","ping_status":"closed","template":"tpl-kurumsal.php","meta":[],"_links":{"self":[{"href":"https:\/\/zti.com.tr\/affiliate\/wp-json\/wp\/v2\/pages\/566"}],"collection":[{"href":"https:\/\/zti.com.tr\/affiliate\/wp-json\/wp\/v2\/pages"}],"about":[{"href":"https:\/\/zti.com.tr\/affiliate\/wp-json\/wp\/v2\/types\/page"}],"author":[{"embeddable":true,"href":"https:\/\/zti.com.tr\/affiliate\/wp-json\/wp\/v2\/users\/1"}],"replies":[{"embeddable":true,"href":"https:\/\/zti.com.tr\/affiliate\/wp-json\/wp\/v2\/comments?post=566"}],"version-history":[{"count":2,"href":"https:\/\/zti.com.tr\/affiliate\/wp-json\/wp\/v2\/pages\/566\/revisions"}],"predecessor-version":[{"id":568,"href":"https:\/\/zti.com.tr\/affiliate\/wp-json\/wp\/v2\/pages\/566\/revisions\/568"}],"wp:attachment":[{"href":"https:\/\/zti.com.tr\/affiliate\/wp-json\/wp\/v2\/media?parent=566"}],"curies":[{"name":"wp","href":"https:\/\/api.w.org\/{rel}","templated":true}]}}