{"id":278,"date":"2018-01-12T07:50:11","date_gmt":"2018-01-12T04:50:11","guid":{"rendered":"http:\/\/demo.wenthemes.com\/surya-chandra-lite\/?page_id=6"},"modified":"2018-03-20T10:57:44","modified_gmt":"2018-03-20T07:57:44","slug":"hakkimizda","status":"publish","type":"page","link":"https:\/\/zti.com.tr\/affiliate\/hakkimizda\/","title":{"rendered":"Hakk\u0131m\u0131zda"},"content":{"rendered":"<div id=\"pl-278\"  class=\"panel-layout\" ><div id=\"pg-278-0\"  class=\"panel-grid panel-has-style\" ><div class=\"siteorigin-panels-stretch panel-row-style-full-width panel-row-style panel-row-style-for-278-0\" data-stretch-type=\"full\" ><div id=\"pgc-278-0-0\"  class=\"panel-grid-cell\" ><div id=\"panel-278-0-0-0\" class=\"so-panel widget widget_media_image panel-first-child\" data-index=\"0\" ><div class=\"panel-widget-style panel-widget-style-for-278-0-0-0\" ><img width=\"900\" height=\"370\" src=\"https:\/\/zti.com.tr\/affiliate\/wp-content\/uploads\/2018\/03\/hakkimizda_zti.jpg\" class=\"image wp-image-320  attachment-full size-full\" alt=\"\" decoding=\"async\" loading=\"lazy\" style=\"max-width: 100%; height: auto;\" srcset=\"https:\/\/zti.com.tr\/affiliate\/wp-content\/uploads\/2018\/03\/hakkimizda_zti.jpg 900w, https:\/\/zti.com.tr\/affiliate\/wp-content\/uploads\/2018\/03\/hakkimizda_zti-300x123.jpg 300w, https:\/\/zti.com.tr\/affiliate\/wp-content\/uploads\/2018\/03\/hakkimizda_zti-768x316.jpg 768w\" sizes=\"(max-width: 900px) 100vw, 900px\" \/><\/div><\/div><div id=\"panel-278-0-0-1\" class=\"so-panel widget widget_sow-editor\" data-index=\"1\" ><div class=\"so-widget-sow-editor so-widget-sow-editor-base\">\r\n<div class=\"siteorigin-widget-tinymce textwidget\">\r\n\t<p>Yurti\u00e7i ve yurtd\u0131\u015f\u0131 t\u00fcm <strong>u\u00e7ak biletleri<\/strong> i\u00e7in hizmetinizdeyiz. 13 y\u0131ld\u0131r g\u00fcvenle ve g\u00fclery\u00fczle\u2026 Thy, Miles&amp;Smiles \u00f6d\u00fcl biletinizi almak art\u0131k daha da kolay, bizi araman\u0131z yeterli T\u00fcm d\u00fcnyadaki havayollar\u0131n\u0131n <strong>u\u00e7ak bileti sat\u0131\u015f\u0131<\/strong> ve <u>rezarvasyonlar\u0131<\/u> konusunda uzman sertifikal\u0131 ve tecr\u00fcbeli \u00e7al\u0131\u015fanlar\u0131m\u0131z taraf\u0131ndan yap\u0131lmaktad\u0131r ve u\u00e7aklarda yer problemi ya\u015famadan. \u00dcstelik \u00e7ok ekonomik fiyatlarla hizmetinizdeyiz t\u00fcm kredi kartlar\u0131 ile \u00f6deme kolayl\u0131\u011f\u0131. Web sitemizden de <strong>online check-in<\/strong> i\u015flemleriniz yap\u0131l\u0131r.<\/p>\n<p>G\u00fcler y\u00fczl\u00fc soraca\u011f\u0131n\u0131z b\u00fct\u00fcn sorulara cevap verebilen, her zaman yolcunun menfaatini d\u00fc\u015f\u00fcnen, fiyat ve yer durumu i\u00e7in alternatif sunan ( promosyon \u00fccretler), seyahatiniz tamamlan\u0131ncaya kadar yan\u0131n\u0131zda olan, beklemeden an\u0131nda fiyat ve yer durumu bilgisi alaca\u011f\u0131n\u0131z, rezarvasyon yapt\u0131r\u0131p <strong>u\u00e7ak biletinizi<\/strong> sat\u0131n alabilirsiniz.<\/p>\n<p>Kaliteli hizmet veren bir acentay\u0131z T\u00fcrkiyede tam yetki ile <strong>u\u00e7ak bileti<\/strong> kesebilen bir acentay\u0131z. Biletleriniz istedi\u011finiz adrese \u00fccretsiz elden teslim edilir, veya an\u0131nda sms, faks, e \u2013 mail olarakta ula\u015ft\u0131rabilmekteyiz.<\/p>\n<\/div>\r\n<\/div><\/div><div id=\"panel-278-0-0-2\" class=\"so-panel widget widget_media_image panel-last-child\" data-index=\"2\" ><div class=\"panel-widget-style panel-widget-style-for-278-0-0-2\" ><img width=\"780\" height=\"536\" src=\"https:\/\/zti.com.tr\/affiliate\/wp-content\/uploads\/2018\/03\/sertifika-5.jpg\" class=\"image wp-image-323  attachment-full size-full\" alt=\"\" decoding=\"async\" loading=\"lazy\" style=\"max-width: 100%; height: auto;\" srcset=\"https:\/\/zti.com.tr\/affiliate\/wp-content\/uploads\/2018\/03\/sertifika-5.jpg 780w, https:\/\/zti.com.tr\/affiliate\/wp-content\/uploads\/2018\/03\/sertifika-5-300x206.jpg 300w, https:\/\/zti.com.tr\/affiliate\/wp-content\/uploads\/2018\/03\/sertifika-5-768x528.jpg 768w\" sizes=\"(max-width: 780px) 100vw, 780px\" \/><\/div><\/div><\/div><\/div><\/div><div id=\"pg-278-1\"  class=\"panel-grid panel-has-style\" ><div class=\"siteorigin-panels-stretch panel-row-style-full-width panel-row-style panel-row-style-for-278-1\" data-stretch-type=\"full\" ><div id=\"pgc-278-1-0\"  class=\"panel-grid-cell\" ><div id=\"panel-278-1-0-0\" class=\"so-panel widget widget_media_image panel-first-child panel-last-child\" data-index=\"3\" ><img width=\"780\" height=\"536\" src=\"https:\/\/zti.com.tr\/affiliate\/wp-content\/uploads\/2018\/03\/sertifika-6.jpg\" class=\"image wp-image-324  attachment-full size-full\" alt=\"\" decoding=\"async\" loading=\"lazy\" style=\"max-width: 100%; height: auto;\" srcset=\"https:\/\/zti.com.tr\/affiliate\/wp-content\/uploads\/2018\/03\/sertifika-6.jpg 780w, https:\/\/zti.com.tr\/affiliate\/wp-content\/uploads\/2018\/03\/sertifika-6-300x206.jpg 300w, https:\/\/zti.com.tr\/affiliate\/wp-content\/uploads\/2018\/03\/sertifika-6-768x528.jpg 768w\" sizes=\"(max-width: 780px) 100vw, 780px\" \/><\/div><\/div><div id=\"pgc-278-1-1\"  class=\"panel-grid-cell\" ><div id=\"panel-278-1-1-0\" class=\"so-panel widget widget_media_image panel-first-child panel-last-child\" data-index=\"4\" ><img width=\"780\" height=\"536\" src=\"https:\/\/zti.com.tr\/affiliate\/wp-content\/uploads\/2018\/03\/sertifika-7.jpg\" class=\"image wp-image-325  attachment-full size-full\" alt=\"\" decoding=\"async\" loading=\"lazy\" style=\"max-width: 100%; height: auto;\" srcset=\"https:\/\/zti.com.tr\/affiliate\/wp-content\/uploads\/2018\/03\/sertifika-7.jpg 780w, https:\/\/zti.com.tr\/affiliate\/wp-content\/uploads\/2018\/03\/sertifika-7-300x206.jpg 300w, https:\/\/zti.com.tr\/affiliate\/wp-content\/uploads\/2018\/03\/sertifika-7-768x528.jpg 768w\" sizes=\"(max-width: 780px) 100vw, 780px\" \/><\/div><\/div><\/div><\/div><div id=\"pg-278-2\"  class=\"panel-grid panel-has-style\" ><div class=\"siteorigin-panels-stretch panel-row-style-full-width panel-row-style panel-row-style-for-278-2\" data-stretch-type=\"full\" ><div id=\"pgc-278-2-0\"  class=\"panel-grid-cell\" ><div id=\"panel-278-2-0-0\" class=\"so-panel widget widget_media_image panel-first-child panel-last-child\" data-index=\"5\" ><img width=\"231\" height=\"300\" src=\"https:\/\/zti.com.tr\/affiliate\/wp-content\/uploads\/2018\/03\/1-231x300.jpg\" class=\"image wp-image-359  attachment-medium size-medium\" alt=\"\" decoding=\"async\" loading=\"lazy\" style=\"max-width: 100%; height: auto;\" srcset=\"https:\/\/zti.com.tr\/affiliate\/wp-content\/uploads\/2018\/03\/1-231x300.jpg 231w, https:\/\/zti.com.tr\/affiliate\/wp-content\/uploads\/2018\/03\/1.jpg 600w\" sizes=\"(max-width: 231px) 100vw, 231px\" \/><\/div><\/div><div id=\"pgc-278-2-1\"  class=\"panel-grid-cell\" ><div id=\"panel-278-2-1-0\" class=\"so-panel widget widget_media_image panel-first-child panel-last-child\" data-index=\"6\" ><img width=\"224\" height=\"300\" src=\"https:\/\/zti.com.tr\/affiliate\/wp-content\/uploads\/2018\/03\/2-e1521452626636-224x300.jpg\" class=\"image wp-image-360  attachment-medium size-medium\" alt=\"\" decoding=\"async\" loading=\"lazy\" style=\"max-width: 100%; height: auto;\" srcset=\"https:\/\/zti.com.tr\/affiliate\/wp-content\/uploads\/2018\/03\/2-e1521452626636-224x300.jpg 224w, https:\/\/zti.com.tr\/affiliate\/wp-content\/uploads\/2018\/03\/2-e1521452626636.jpg 469w\" sizes=\"(max-width: 224px) 100vw, 224px\" \/><\/div><\/div><div id=\"pgc-278-2-2\"  class=\"panel-grid-cell\" ><div id=\"panel-278-2-2-0\" class=\"so-panel widget widget_media_image panel-first-child panel-last-child\" data-index=\"7\" ><img width=\"231\" height=\"300\" src=\"https:\/\/zti.com.tr\/affiliate\/wp-content\/uploads\/2018\/03\/3-231x300.jpg\" class=\"image wp-image-361  attachment-medium size-medium\" alt=\"\" decoding=\"async\" loading=\"lazy\" style=\"max-width: 100%; height: auto;\" srcset=\"https:\/\/zti.com.tr\/affiliate\/wp-content\/uploads\/2018\/03\/3-231x300.jpg 231w, https:\/\/zti.com.tr\/affiliate\/wp-content\/uploads\/2018\/03\/3.jpg 600w\" sizes=\"(max-width: 231px) 100vw, 231px\" \/><\/div><\/div><div id=\"pgc-278-2-3\"  class=\"panel-grid-cell\" ><div id=\"panel-278-2-3-0\" class=\"so-panel widget widget_media_image panel-first-child panel-last-child\" data-index=\"8\" ><img width=\"231\" height=\"300\" src=\"https:\/\/zti.com.tr\/affiliate\/wp-content\/uploads\/2018\/03\/4-231x300.jpg\" class=\"image wp-image-362  attachment-medium size-medium\" alt=\"\" decoding=\"async\" loading=\"lazy\" style=\"max-width: 100%; height: auto;\" srcset=\"https:\/\/zti.com.tr\/affiliate\/wp-content\/uploads\/2018\/03\/4-231x300.jpg 231w, https:\/\/zti.com.tr\/affiliate\/wp-content\/uploads\/2018\/03\/4.jpg 600w\" sizes=\"(max-width: 231px) 100vw, 231px\" \/><\/div><\/div><\/div><\/div><\/div>","protected":false},"excerpt":{"rendered":"<p>Yurti\u00e7i ve yurtd\u0131\u015f\u0131 t\u00fcm u\u00e7ak biletleri i\u00e7in hizmetinizdeyiz. 13 y\u0131ld\u0131r g\u00fcvenle ve g\u00fclery\u00fczle\u2026 Thy, Miles&amp;Smiles \u00f6d\u00fcl biletinizi <a href=\"https:\/\/zti.com.tr\/affiliate\/hakkimizda\/\" class=\"more-link\">Devam\u0131<\/a><\/p>\n","protected":false},"author":1,"featured_media":0,"parent":0,"menu_order":0,"comment_status":"closed","ping_status":"closed","template":"","meta":[],"_links":{"self":[{"href":"https:\/\/zti.com.tr\/affiliate\/wp-json\/wp\/v2\/pages\/278"}],"collection":[{"href":"https:\/\/zti.com.tr\/affiliate\/wp-json\/wp\/v2\/pages"}],"about":[{"href":"https:\/\/zti.com.tr\/affiliate\/wp-json\/wp\/v2\/types\/page"}],"author":[{"embeddable":true,"href":"https:\/\/zti.com.tr\/affiliate\/wp-json\/wp\/v2\/users\/1"}],"replies":[{"embeddable":true,"href":"https:\/\/zti.com.tr\/affiliate\/wp-json\/wp\/v2\/comments?post=278"}],"version-history":[{"count":26,"href":"https:\/\/zti.com.tr\/affiliate\/wp-json\/wp\/v2\/pages\/278\/revisions"}],"predecessor-version":[{"id":387,"href":"https:\/\/zti.com.tr\/affiliate\/wp-json\/wp\/v2\/pages\/278\/revisions\/387"}],"wp:attachment":[{"href":"https:\/\/zti.com.tr\/affiliate\/wp-json\/wp\/v2\/media?parent=278"}],"curies":[{"name":"wp","href":"https:\/\/api.w.org\/{rel}","templated":true}]}}